inder when 2581 is divided by 1152?
277
Calculate the remainder when 9862631 is divided by 14.
9
What is the remainder when 30649823 is divided by 16?
15
Calculate the remainder when 9429990 is divided by 34.
22
Calculate the remainder when 603234 is divided by 87.
63
What is the remainder when 18000511 is divided by 579?
559
What is the remainder when 82606 is divided by 5603?
4164
What is the remainder when 1673444 is divided by 328?
316
Calculate the remainder when 2489230 is divided by 89.
78
Calculate the remainder when 72558 is divided by 36255.
48
What is the remainder when 295402970 is divided by 3692537?
10
Calculate the remainder when 2573583 is divided by 48558.
9
What is the remainder when 136853 is divided by 21108?
10205
Calculate the remainder when 3412472 is divided by 6463.
8
What is the remainder when 5227760 is divided by 321?
275
Calculate the remainder when 30061 is divided by 326.
69
Calculate the remainder when 2659962 is divided by 409.
235
What is the remainder when 304071 is divided by 4674?
261
What is the remainder when 149059 is divided by 7087?
232
What is the remainder when 13284528 is divided by 76789?
31
Calculate the remainder when 3561528 is divided by 114888.
0
What is the remainder when 27575 is divided by 5212?
1515
What is the remainder when 13321576 is divided by 51634?
4
What is the remainder when 2930236 is divided by 586030?
86
What is the remainder when 6957937 is divided by 38871?
28
Calculate the remainder when 176878 is divided by 176097.
781
What is the remainder when 61864 is divided by 28?
12
Calculate the remainder when 22778 is divided by 604.
430
Calculate the remainder when 83687449 is divided by 50.
49
What is the remainder when 33683 is divided by 7842?
2315
What is the remainder when 137927 is divided by 8584?
583
What is the remainder when 107234078 is divided by 1168?
1166
Calculate the remainder when 5200187 is divided by 3112.
35
Calculate the remainder when 622413 is divided by 7485.
1158
What is the remainder when 1931057 is divided by 34483?
9
What is the remainder when 1625193 is divided by 3533?
13
Calculate the remainder when 8630889 is divided by 209.
25
What is the remainder when 757593 is divided by 828?
801
Calculate the remainder when 1951203 is divided by 1662.
15
Calculate the remainder when 1985709 is divided by 10451.
19
What is the remainder when 99847032 is divided by 642?
624
What is the remainder when 1327518 is divided by 223?
222
What is the remainder when 8446320 is divided by 7756?
36
What is the remainder when 153083480 is divided by 10837?
18
Calculate the remainder when 3520472 is divided by 1998.
1994
Calculate the remainder when 3773058 is divided by 1257669.
51
What is the remainder when 223754 is divided by 31942?
160
Calculate the remainder when 211068 is divided by 4902.
282
Calculate the remainder when 166919 is divided by 622.
223
What is the remainder when 14140703 is divided by 305?
293
Calculate the remainder when 2517658 is divided by 1147.
1140
What is the remainder when 2188257 is divided by 2249?
2229
What is the remainder when 3347099 is divided by 334709?
9
What is the remainder when 5188975 is divided by 304?
303
What is the remainder when 46478007 is divided by 1055?
1037
What is the remainder when 4079121 is divided by 540?
501
Calculate the remainder when 12285101 is divided by 8380.
21
Calculate the remainder when 126216 is divided by 4071.
15
What is the remainder when 3070089 is divided by 762?
753
What is the remainder when 1076829 is divided by 23?
15
Calculate the remainder when 75889223 is divided by 4233.
4232
Calculate the remainder when 1831469 is divided by 915674.
121
What is the remainder when 23530476 is divided by 11?
2
What is the remainder when 6605771 is divided by 6605711?
60
Calculate the remainder when 1555268 is divided by 518420.
8
Calculate the remainder when 1375212 is divided by 8049.
6882
Calculate the remainder when 32446513 is divided by 1802584.
1
Calculate the remainder when 64558 is divided by 4947.
247
What is the remainder when 77388196 is divided by 1437?
1435
Calculate the remainder when 11445729 is divided by 1126.
1065
Calculate the remainder when 1798605 is divided by 1077.
15
What is the remainder when 200821 is divided by 817?
656
What is the remainder when 252392533 is divided by 73?
70
What is the remainder when 8860793 is divided by 451?
447
Calculate the remainder when 236956 is divided by 4231.
20
Calculate the remainder when 166281189 is divided by 8.
5
What is the remainder when 173641030 is divided by 36?
34
Calculate the remainder when 38783549 is divided by 8.
5
What is the remainder when 182856343 is divided by 1010256?
7
What is the remainder when 2838809 is divided by 78?
77
What is the remainder when 20450 is divided by 3229?
1076
What is the remainder when 11559 is divided by 715?
119
What is the remainder when 367041 is divided by 138?
99
Calculate the remainder when 108923253 is divided by 22.
21
Calculate the remainder when 830654 is divided by 118646.
132
What is the remainder when 317253 is divided by 79191?
489
What is the remainder when 1711567714 is divided by 143?
142
What is the remainder when 1500649 is divided by 240?
169
Calculate the remainder when 6973902 is divided by 123.
48
What is the remainder when 14776942 is divided by 79?
71
What is the remainder when 13245065 is divided by 4415008?
41
Calculate the remainder when 15729852 is divided by 30.
12
What is the remainder when 31070 is divided by 15447?
176
Calculate the remainder when 924674 is divided by 833.
44
What is the remainder when 1059706 is divided by 211901?
201
What is the remainder when 30823003 is divided by 198?
145
Calculate the remainder when 20965 is divided by 2615.
45
Calculate the remainder when 1658593 is divided by 11763.
10
Calculate the remainder when 72452985 is divided by 1317327.
0
Calculate the remainder when 3785677 is divided by 135.
7
Calculate the remainder when 156029 is divided by 2364.
5
What is the remainder when 3030384 is divided by 5?
4
Calculate the remainder when 1147355 is divided by 1413.
1412
What is the remainder when 600126 is divided by 199985?
171
What is the remainder when 38418428 is divided by 1924?
1920
Calculate the remainder when 35780 is divided by 6547.
3045
What is the remainder when 2122 is divided by 2009?
113
What is the remainder when 41459684 is divided by 85?
84
Calculate the remainder when 1991640 is divided by 23710.
0
Calculate the remainder when 312764 is divided by 6142.
5664
Calculate the remainder when 18221 is divided by 478.
57
Calculate the remainder when 22572061 is divided by 29.
27
Calculate the remainder when 14458946 is divided by 30.
26
Calculate the remainder when 55581101 is divided by 41.
25
What is the remainder when 49427 is divided by 10684?
6691
Calculate the remainder when 228000 is divided by 113897.
206
What is the remainder when 21456 is divided by 1122?
138
What is the remainder when 136646167 is divided by 11?
9
What is the remainder when 289926 is divided by 95059?
4749
What is the remainder when 36802 is divided by 1900?
702
Calculate the remainder when 3570283 is divided by 84.
31
What is the remainder when 162332 is divided by 20227?
516
What is the remainder when 257039186 is divided by 30176?
18
What is the remainder when 9566196 is divided by 2102?
2096
What is the remainder when 3141870 is divided by 9134?
8908
Calculate the remainder when 528472 is divided by 366.
334
Calculate the remainder when 691911 is divided by 2023.
45
What is the remainder when 19873739 is divided by 4457?
4433
Calculate the remainder when 256139 is divided by 64016.
75
What is the remainder when 727526 is divided by 363105?
1316
Calculate the remainder when 931300707 is divided by 133.
127
Calculate the remainder when 994222 is divided by 1038.
856
Calculate the remainder when 6641979 is divided by 11354.
11243
What is the remainder when 34923881 is divided by 1044?
1037
What is the remainder when 226821 is divided by 37740?
381
Calculate the remainder when 1984202 is divided by 206.
10
What is the remainder when 7090020 is divided by 8?
4
What is the remainder when 29193021 is divided by 49?
46
What is the remainder when 1570349 is di